3 + 36*f**2 + 9*f - 16. Determine r(-36).
-340
Let d(x) = -x**3 - 5*x**2 + 21*x + 45. Calculate d(-2).
-9
Let t(v) = v**3 + 23*v**2 + 5*v + 80. Give t(-23).
-35
Let h(w) = w**3 - 52*w**2 + 272*w + 186. Determine h(46).
2
Let d(n) = 2*n**3 + 51*n**2 + 92*n - 535. Give d(-23).
-6
Let h(n) = n**3 + 16*n**2 + 7*n - 144. Give h(-14).
150
Let f(j) = 398*j + 2345. Determine f(-6).
-43
Let b(x) = -x**3 - 11*x**2 + 40*x + 30. What is b(-14)?
58
Let u(d) = -d**2 - 5265*d - 89214. Determine u(-17).
2
Let w(p) = -p**2 + 18*p - 226. Calculate w(8).
-146
Let a(d) = 29*d**2 - 499*d + 55. What is a(17)?
-47
Let a(m) = m**2 - 628*m - 2511. Determine a(-4).
17
Let m(r) = -128*r**2 + 769*r. Give m(6).
6
Let m(c) = -c**3 - 14*c**2 - 69*c - 965. Calculate m(-14).
1
Let d(u) = -10250*u + 81996. Determine d(8).
-4
Let g(t) = -t**3 - 9*t**2 - 21*t - 145. Determine g(-9).
44
Let s(z) = 286*z + 592. What is s(-2)?
20
Let i(j) = -j**2 + 503*j - 7787. Determine i(16).
5
Let c(p) = -p**3 - 5*p**2 - 582*p - 2313. Calculate c(-4).
-1
Let h(m) = 1465*m**2 - 19041*m - 29. What is h(13)?
23
Let k(t) = 81*t - 230. What is k(9)?
499
Let f(w) = -w**2 - 447*w + 5985. Give f(13).
5
Let w(k) = 13*k + 481. Determine w(-26).
143
Let b(n) = n**3 - 46*n**2 - 432*n - 7. Give b(54).
-7
Let u(v) = 622*v - 655. Determine u(1).
-33
Let i(o) = o**3 + 5*o**2 + 11*o + 13. Calculate i(-7).
-162
Let l(v) = 10*v - 193. Determine l(15).
-43
Let q(v) = v**3 - 12*v**2 + 23*v - 286. What is q(12)?
-10
Let h(k) = -k**3 - 10*k**2 - 11*k - 9. Determine h(-6).
-87
Let u(p) = -526*p + 7896. Give u(15).
6
Let h(q) = q**3 + 7*q**2 - 92*q - 13. Give h(8).
211
Let r(a) = a**3 - 92*a**2 + 499*a + 1466. Determine r(86).
4
Let o(d) = -3*d**2 + 15*d - 114. Calculate o(8).
-186
Let i(o) = -2*o**2 + 97*o + 494. What is i(60)?
-886
Let y(r) = -96*r + 126. Calculate y(2).
-66
Let f(j) = -87*j - 890. Determine f(-10).
-20
Let v(n) = -20*n**2 - 375*n - 1114. Determine v(-15).
11
Let n(m) = m**3 - 45*m**2 + 82*m + 119. Calculate n(43).
-53
Let n(r) = 2*r**3 + 6*r**2 + 1385*r + 5572. What is n(-4)?
0
Let h(d) = -d**3 - 9*d**2 - 268*d - 2079. Determine h(-8).
1
Let o(u) = -u**3 - 48*u**2 - 115*u - 1155. Give o(-46).
-97
Let a(g) = g**3 - 106*g**2 - 235*g + 2059. Calculate a(108).
7
Let s(z) = z**2 - 3*z - 2. What is s(1)?
-4
Let s(y) = -y**3 - 4*y**2 + 4*y + 45. Calculate s(-3).
24
Let d(g) = -11*g**2 - 227*g + 48. Give d(-21).
-36
Let s(q) = -1092*q + 1109. Determine s(1).
17
Let r(n) = n**3 + 5*n**2 - 47*n - 73. What is r(-7)?
158
Let y(s) = -14*s**2 + 19*s + 50. What is y(-2)?
-44
Let d(c) = -2916*c + 17495. Give d(6).
-1
Let t(o) = -o**3 - 55*o**2 - 55*o - 40. Give t(-54).
14
Let k(p) = 8*p + 241. Give k(-37).
-55
Let f(r) = -2*r**3 - r**2 + 5*r - 6. Determine f(-4).
86
Let h(l) = -l**3 + 14*l**2 - 7*l - 267. Calculate h(11).
19
Let b(m) = -3*m**3 + 272*m**2 - 185*m + 474. What is b(90)?
24
Let s(d) = 1495*d + 5973. Calculate s(-4).
-7
Let g(v) = 6*v**3 + 2*v**2 - 35*v - 46. Give g(5).
579
Let l(d) = -25*d + 14. Give l(2).
-36
Let z(y) = -712*y + 19220. Determine z(27).
-4
Let b(u) = u**3 + 23*u**2 + 114*u + 1523. Calculate b(-21).
11
Let q(d) = -2997*d + 47980. What is q(16)?
28
Let n(d) = d**3 + 16*d**2 + 14*d - 5. Determine n(-15).
10
Let c(k) = -309*k + 659. What is c(2)?
41
Let p(y) = -6*y**3 + 9*y**2 + 1. Determine p(5).
-524
Let d(k) = 4*k**2 - 70*k + 41. Give d(17).
7
Let k(a) = 168*a**2 + 2854*a - 34. Determine k(-17).
0
Let z(w) = -w**2 - 132*w - 2845. Calculate z(-105).
-10
Let z(d) = -2*d**3 + 12*d**2 - 57*d + 331. What is z(6)?
-11
Let h(k) = 9162*k - 33. Calculate h(0).
-33
Let i(p) = -2*p**3 - 4*p**2 - 151*p - 462. Give i(-3).
9
Let j(l) = -l**3 + 73*l**2 + 221*l + 495. Give j(76).
-37
Let c(x) = -10*x**3 + 5*x**2 + x - 6. Give c(3).
-228
Let d(q) = q**2 - 165*q + 6827. Determine d(85).
27
Let v(a) = a**3 + a**2 + 3*a + 5. Give v(0).
5
Let c(f) = f**2 - 7*f - 134. What is c(-12)?
94
Let j(t) = t**2 - 108*t - 1174. Give j(-10).
6
Let n(a) = 1629*a - 6523. What is n(4)?
-7
Let a(s) = -2*s**2 + 5*s + 361. Determine a(15).
-14
Let t(p) = -9*p**2 - 182*p + 367. What is t(2)?
-33
Let a(p) = 24*p + 220. Calculate a(-16).
-164
Let s(z) = z**2 + 23*z - 97. Calculate s(-29).
77
Let o(g) = g**2 + 163*g - 13665. Give o(61).
-1
Let h(j) = j**3 - 23*j**2 - 13*j - 53. Calculate h(24).
211
Let f(z) = -z**3 - 4*z**2 - 95*z - 503. Determine f(-5).
-3
Let j(m) = -m**3 + 2*m**2 + 30*m - 14. Give j(6).
22
Let c(j) = -65*j**2 - 280*j - 80. Calculate c(-4).
0
Let r(x) = 726*x + 5759. Give r(-8).
-49
Let b(u) = -u**2 - 819*u + 103231. Give b(111).
1
Let m(b) = -152*b - 1808. Determine m(-12).
16
Let k(n) = 9*n**3 - 56*n**2 + 6*n + 39. Determine k(6).
3
Let p(o) = 8*o - 100. Determine p(16).
28
Let l(c) = -c**3 + 2*c + 345. Calculate l(0).
345
Let v(t) = 466*t - 13517. Calculate v(29).
-3
Let a(p) = 17*p**2 - 184*p - 66. Determine a(11).
-33
Let m(r) = -26*r + 113. Give m(-9).
347
Let d(q) = -2*q**3 - 3*q**2 - 83*q + 175. Determine d(2).
-19
Let h(o) = -332*o - 5641. Give h(-17).
3
Let s(i) = -333*i - 6671. Determine s(-20).
-11
Let s(a) = -14*a**2 + 96*a + 6. Calculate s(7).
-8
Let z(m) = 3*m**2 - 74*m + 528. Determine z(7).
157
Let m(q) = -2*q**2 - 63*q - 94. Give m(-27).
149
Let n(s) = s**3 - 22*s**2 - 22*s - 62. Calculate n(23).
-39
Let f(h) = -3*h**3 + 30*h**2 + 27*h - 28. Determine f(11).
-94
Let n(i) = 57*i - 275. Calculate n(4).
-47
Let q(d) = -3*d**2 - d + 20. Determine q(5).
-60
Let s(o) = -o**2 + 6*o + 3831. Give s(65).
-4
Let h(m) = -m**2 + 451*m - 45009. Give h(149).
-11
Let t(p) = -16*p - 190. Determine t(-11).
-14
Let g(z) = z**3 + 86*z**2 + 250*z + 6893. Give g(-84).
5
Let p(d) = -d**3 + 9*d**2 - 268*d + 2772. What is p(10)?
-8
Let r(o) = 57*o**2 + 170*o - 7. What is r(-3)?
-4
Let s(a) = -a**3 + 3*a**2 + 212*a - 46. What is s(0)?
-46
Let f(i) = -2*i**3 - 14*i**2 - 14*i + 3. Determine f(-7).
101
Let z(y) = -3*y**3 + 4*y**2 - 26*y - 2. Calculate z(4).
-234
Let z(c) = -88*c - 6158. Determine z(-70).
2
Let d(h) = -101*h - 1533. Determine d(-16).
83
Let q(r) = 50*r**2 - 18*r - 3. What is q(4)?
725
Let b(n) = -n**2 + 163*n + 1182. Calculate b(-7).
-8
Let x(b) = 10*b**2 + 270*b + 1922. Determine x(-7).
522
Let g(y) = 16*y**2 + 691*y - 43. What is g(-42)?
-841
Let f(t) = -t**2 - 108*t - 1839. Give f(-19).
-148
Let g(z) = z + 285. What is g(95)?
380
Let p(y) = -158*y - 6962. What is p(-44)?
-10
Let n(f) = -2*f**3 + 3*f**2 - 54*f + 63. What is n(5)?
-382
Let w(l) = 10*l**2 - 105*l - 51. Give w(11).
4
Let p(a) = 2*a**3 + 3*a**2 + 4*a + 74. What is p(-6)?
-274
Let x(w) = 7*w**3 + 204*w**2 + 25*w - 68. What is x(-29)?
48
Let q(u) = 490*u + 1322. What is q(-3)?
-148
Let v(n) = 7*n**3 + 6*n**2 - n - 1. Give v(-2).
-31
Let b(k) = 6*k**2 - 647*k - 118. Give b(108).
-10
Let o(l) = l**2 + 54*l + 392. Give o(-8).
24
Let t(j) = -171*j + 16049. Calculate t(94).
-25
Let d(c) = 6*c - 70. Determine d(14).
14
Let y(j) = 228*j**2 + 275*j - 274. What is y(1)?
229
Let y(a) = -325*a + 25028. Calculate y(77).
3
Let r(c) = 208*c**2 + 1457*c + 5. Calculate r(-7).
-2
Let i(j) = -j**3 - 11*j**2 + 49*j + 119. Determine i(-14).
21
Let i(h) = -h**3 + 112*h**2 - 109*h - 277. Determine i(111).
-55
Let t(r) = 6*r**2 - 45*r + 85. Determine t(5).
10
Let z(l) = 20*l**2 - 676*l + 668. Give z(1).
12
Let m(i) = i**3 + 8*i**2 - 256*i - 1594. What is m(-6)?
14
Let q(r) = r**3 - 61*r**2 + 13*r - 1084. Determine q(61).
-291
Let r(f) = 7*f**2 + 80*f - 129. Determine r(-13).
14
Let j(n) = -n**2 + 25*n - 20. Give j(24).
4
Let q(u) = -11*u - 457. Calculate q(-34).
-83
Let g(m) = 265*m**2 + 1854*m - 12. Give g(-7).
-5
Let t(g) = 2*g**2 + 3*g. Determine t(-2).
2
Let o(v) = v**2 + 51*v - 3390. Calculate o(-89).
-8
Let p(a) = a**3 - 8*a**2 - 44*a - 9. Give p(-4).
-25
Let y(p) = -150*p**2 - 28*p + 52. Calculate y(2).
-604
Let a(p) = p**2 + 79*p - 764. Give a(9).
28
Let b(d) = -d**3 + 109*d**2 - 517*d - 299. Determine b(104).
13
Let m(a) = -a**3 - 32*a**2 + 28*a + 108. Determine m(-33).
273
Let s(j) = 2*j**2 - 424*j - 438. Give s(213).
-12
Let a(s) = -3799*s - 3840. Determine a(-1).
-41
Let b(p) = 5*p**2 - 124*p + 78. Determine b(21).
-321
Let v(t) = 48*t - 493. What is v(9)?
-61
Let p(i) = -i**3 + 52*i**2 + 35*i + 959. What is p(53)?
5
Let b(h) = -h**2 - 65*h - 504. 